+ -2. Let r = 36 + u. Suppose -28 = -i - 12. What is the remainder when r is divided by i?
14
Suppose 0 = 5*h - 2*d - 84, -d - 78 = -5*h + 3*d. What is the remainder when h is divided by 7?
4
Suppose -310 = -3*t - 2*t. Let o(i) = i**2 + 6*i + 1. Let l be o(-7). What is the remainder when t is divided by 6/(l/28*1)?
20
Suppose 5*x - 63 - 2 = 0. Suppose 36 = -4*m + 5*m. What is the remainder when m is divided by x?
10
Let b be 3/(-6) - (-3)/2. Calculate the remainder when (150/2 - b)/2 is divided by 19.
18
Calculate the remainder when (-302)/(-8) - (-14)/56 is divided by 14.
10
Suppose -y = -5*w + 71, -2*w + 3*y + 32 = -y. Let s = -22 - -62. Calculate the remainder when s is divided by w.
12
Suppose -4*f - 4*h = -0*h - 660, 0 = 5*f - 2*h - 832. Calculate the remainder when f is divided by 28.
26
Suppose -w + 6 = 1. Suppose 210 = 2*a + 3*a. Suppose -s - 2*s + a = 0. Calculate the remainder when s is divided by w.
4
Let c = 6 - 3. Suppose 0 = 6*z - c*z - 6. Suppose -4*k = -8, z*u - 2*k - 61 + 7 = 0. Calculate the remainder when u is divided by 10.
9
Suppose 0 = v + 49 - 6. Let b(n) = -n**3 + 14*n**2 - 16*n + 18. Let z be b(13). Let t = z - v. What is the remainder when t is divided by 8?
6
Suppose z - 3*g + 3 = 0, 5*g = 5*z - 0*g - 35. Calculate the remainder when 45 is divided by z.
9
Suppose 0*r = -2*u - 4*r + 48, -4*u - r + 75 = 0. Let c(v) = 8*v - 13. Calculate the remainder when c(6) is divided by u.
17
Calculate the remainder when 14 is divided by 8/(-12)*(-18)/4.
2
Suppose -5*b - 3*x = -7*b + 114, -4*x = -5*b + 271. Calculate the remainder when b is divided by 19.
13
Let g be 11 + -8 - (-1 - -1). Suppose 44 = -g*l + 7*l. What is the remainder when 43 is divided by l?
10
Let n be 2/8 + (-76)/(-16). Suppose 5*a - 3*p = 35, n*a + 0 = p + 35. Suppose a*v = 2*v + 365. Calculate the remainder when v is divided by 19.
16
Suppose -5*v + 4 = -4*v, 2*w - 132 = -v. What is the remainder when w is divided by 13?
12
Suppose 7*s = 6*s - 3*k + 46, 2*s = -5*k + 91. Let d(i) = i**3 + 5*i**2 + 2*i + 3. Calculate the remainder when s is divided by d(-2).
10
Suppose -t = 2*t - 24. Let q = t + 11. What is the remainder when q is divided by 7?
5
Suppose 0 = 3*j + j - 140. Suppose -3*n + 34 + j = 0. Calculate the remainder when 67 is divided by n.
21
Let f = 22 - 6. Let p(l) = -l + 16. Suppose n - 19 = -3*v, -2*n - 3*n = 4*v - 51. What is the remainder when f is divided by p(n)?
7
Suppose -4*z - a - 2*a + 57 = 0, 0 = -z - 5*a + 27. What is the remainder when 34 is divided by z?
10
Suppose -5*h = b - 0 - 24, 5*b = 20. Suppose -4*q + 3*d + 6 + 0 = 0, -2*q - 5*d + 16 = 0. What is the remainder when h is divided by q?
1
Suppose z = -x + 38, 0 = 5*z - 0*z + x - 178. Suppose -z = -3*v + 10. Suppose -2*t - 43 = -3*t. Calculate the remainder when t is divided by v.
13
Let z = 40 - 26. Let t = 33 - z. What is the remainder when 56 is divided by t?
18
Let d = 4 - 8. Let j = 68 + -43. What is the remainder when j is divided by 2/(d/(-2)) + 12?
12
Let w be 34/6 - 1/(-3). What is the remainder when (106/w)/((-5)/(-15)) is divided by 18?
17
Suppose -4*a - 5*m = -56, 0 = -3*a - 2*m + 5 + 44. Let k be (-1 - 0/(-2)) + 115. Suppose a - k = -5*f. Calculate the remainder when f is divided by 7.
5
Let d = 9 - 6. Suppose 6*s - 2*s = -5*k + 7, s = 5*k + 8. Calculate the remainder when d is divided by s.
0
Let p(o) = o**3 + 3*o**2 + 2*o - 4. What is the remainder when p(3) is divided by 19?
18
Suppose 8*k + 5*w - 73 = 4*k, -2 = -2*w. Suppose -3*r - r + 20 = 0. Calculate the remainder when k is divided by r.
2
Suppose 4*r = 2*y - 90, 4*y + 2*r = 3*y + 25. Let j be -1*(-3)/(-1)*-1. Suppose a + j*a - 48 = 0. Calculate the remainder when y is divided by a.
11
What is the remainder when 3 + (-112)/35 - 412/(-10) is divided by 21?
20
Let o(d) = d**3 - 9*d**2 + 8*d + 8. Let u be o(8). Let z = u + -5. Suppose -3*c - q = q - 4, 0 = 4*q + 4. Calculate the remainder when z is divided by c.
1
Let n(x) = -x**2 - 2*x + 6. Let y be n(-5). Let p(m) = m**3 + 10*m**2 + 3*m - 8. What is the remainder when p(y) is divided by 16?
14
Suppose -5*y + 31 + 9 = 0. Let d be 20/(-6)*(-12)/y. Suppose -d*v + v + 16 = 0. What is the remainder when 14 is divided by v?
2
Let p(c) = -c**3 + 7*c**2 + c - 3. Calculate the remainder when p(7) is divided by 2.
0
Suppose 4*x - 24 - 20 = 0. What is the remainder when 19 + 0 + 3 + -1 is divided by x?
10
Suppose 3*g = 5*g - f - 170, 3*f = 6. Calculate the remainder when g is divided by 22.
20
Let o(w) = -w**3 + 2*w**2 - 2*w + 87. What is the remainder when o(0) is divided by 10?
7
What is the remainder when (-19)/(-4 - 12/(-4)) is divided by ((-11)/3)/((-1)/3)?
8
Let r = -191 + 313. Calculate the remainder when r is divided by 31.
29
Let i(n) be the second derivative of -n**5/20 - n**4/4 - n**3/6 - 3*n**2/2 + 2*n. What is the remainder when i(-4) is divided by 4?
1
Let p(s) = -s**3 - 4*s**2 + 17*s + 49. What is the remainder when 48 is divided by p(-6)?
10
Suppose -2*r + 24 = 2*t - 0*t, 5*t = -25. Calculate the remainder when 47 is divided by r.
13
Suppose 3*w + 9 = 5*q, w + 2*q - 6 = 2. Calculate the remainder when 3 is divided by w.
1
Suppose -n - 1 - 7 = 0. Calculate the remainder when 4 is divided by 1 + 4*(-2)/n.
0
Let u be 36/(-8)*44/(-3). Let t = u + -40. Calculate the remainder when 75 is divided by t.
23
Let n be (2 - 1)/(2/54). Suppose n = m + 10. Calculate the remainder when m is divided by 10.
7
Suppose -g = -4*o + 2*g + 55, -o - 5*g - 15 = 0. What is the remainder when 17 is divided by o?
7
Let v = -11 + 13. Suppose 0 = -4*c + 5*q + 224, -v*c + 3*q + 2*q = -122. What is the remainder when c is divided by 13?
12
Let y be -3 - (1*-16 + 3). Suppose 0 = -2*c + 2 + y. Calculate the remainder when c is divided by 2.
0
Let l(p) = -2*p**3 - 2*p**2 + 2. Let n be l(-2). Suppose -n = -4*f + g, 4*f + 0*g - 8 = 2*g. What is the remainder when 9 is divided by f?
0
Let a(i) = i - 3. Let j be a(6). Suppose j*r = 5 + 4. What is the remainder when 5 is divided by r?
2
Calculate the remainder when 120 is divided by 19 - -16 - ((0 - -1) + 3).
27
Let p(h) be the first derivative of 2*h**3/3 - 2*h**2 - 5*h - 4. What is the remainder when p(-4) is divided by 11?
10
Suppose f = 2 + 11. Suppose 3*k + f = -2*h, -2*h - 16 = 5*k + 3. What is the remainder when 28/(-3)*3/h is divided by 5?
4
Suppose 5*g - 47 = 3*u - 0*u, -2*g - 2*u = -22. Let v = g + -5. Calculate the remainder when v is divided by 3.
2
Suppose 5*x = -o + 6*o + 85, 3*x - o - 45 = 0. Calculate the remainder when 26 is divided by x.
12
Let u be 0*(2/4 - 1). Suppose u = -5*n + 125. What is the remainder when 48 is divided by n?
23
Let u be (-16)/(-6) - 2/3. Let o = 2 - u. Suppose o = -11*a + 6*a + 10. What is the remainder when 3 is divided by a?
1
Let t = -1 - 2. Calculate the remainder when ((-2)/t)/(8/180) is divided by 8.
7
Let o = 134 + -30. Let l = o - 45. Calculate the remainder when l is divided by 31.
28
Let m = 60 - 109. Let o = m + 73. Calculate the remainder when o is divided by (-5)/(-5) - -3 - -9.
11
Let m = -4 + 4. Suppose m = 4*g - g - 6. Suppose -4*z + 29 = 1. What is the remainder when z is divided by g?
1
Let a(d) = d - 5. Let g be a(7). Let s(p) = 7*p - 1. Let v = 9 - 2. What is the remainder when s(g) is divided by v?
6
Suppose 2*l = -l + 30. Let h(q) = 14*q**2 + 4*q**2 + 2*q - q. What is the remainder when h(1) is divided by l?
9
Let q(f) = f**2 + 5*f + 4. Let n be q(-4). Suppose n = 2*c - 23 - 153. What is the remainder when c is divided by 15?
13
Let b(z) = -160*z**3 - z**2 + z. Let y be b(1). What is the remainder when (7/14)/((-2)/y) is divided by 14?
12
Let n = 34 - 51. Let i = n + 28. Calculate the remainder when i is divided by 7.
4
Suppose 3*a - a + 30 = 3*w, 5*a - 20 = -2*w. Calculate the remainder when 17 is divided by w.
7
Let h(m) = m**3 - 6*m**2 + 4*m - 13. What is the remainder when 32 is divided by h(6)?
10
Let a = -30 - -68. What is the remainder when a is divided by 14?
10
Let j(t) = 2*t**2 + 4*t. Suppose -3*n - 12 = 4*d, n = d + 6 - 3. Let w be j(d). Calculate the remainder when 13 is divided by 4/w + 38/6.
6
Suppose i - 5 = -d, 2*i - 5*d = 10 + 7. What is the remainder when 21 is divided by i?
3
Let v = 7 - 3. Calculate the remainder when 10 is divided by v.
2
Let w be (24/(-9) - 0)*-